{"id":289,"date":"2023-09-11T22:16:22","date_gmt":"2023-09-11T19:16:22","guid":{"rendered":"https:\/\/xn--kristalritel-mlb.com\/?page_id=289"},"modified":"2023-09-11T22:16:22","modified_gmt":"2023-09-11T19:16:22","slug":"majikal-calismalarda-otlar","status":"publish","type":"page","link":"https:\/\/xn--kristalritel-mlb.com\/?page_id=289","title":{"rendered":"Majikal \u00c7al\u0131\u015fmalarda Otlar"},"content":{"rendered":"\n<ul class=\"wp-block-list\">\n<li>Abanoz : G\u00fc\u00e7 ve Korunma.<\/li>\n<\/ul>\n\n\n\n<ul class=\"wp-block-list\">\n<li>Akasya : Beden g\u00fcc\u00fc, Kas geli\u015fimi, Ba\u015far\u0131.<\/li>\n<\/ul>\n\n\n\n<ul class=\"wp-block-list\">\n<li>Akasya \u00c7i\u00e7e\u011fi : Psi\u015fik yeteneklerin geli\u015ftirilmesi.<\/li>\n<\/ul>\n\n\n\n<ul class=\"wp-block-list\">\n<li>Ak\u00e7aa\u011fa\u00e7 : Para, Dayan\u0131kl\u0131l\u0131k, Korunma.<\/li>\n<\/ul>\n\n\n\n<ul class=\"wp-block-list\">\n<li>Aloe : Mutluluk, Aile ba\u011flar\u0131 korumas\u0131.<\/li>\n<\/ul>\n\n\n\n<ul class=\"wp-block-list\">\n<li>Ananz : Ferahl\u0131k, Mutluluk, Temizlenme, Ar\u0131nma.<\/li>\n<\/ul>\n\n\n\n<ul class=\"wp-block-list\">\n<li>Anason : K\u00f6t\u00fc enerjiden ar\u0131nma, Mutluluk, G\u00fc\u00e7.<\/li>\n<\/ul>\n\n\n\n<ul class=\"wp-block-list\">\n<li>Armut : \u015eehvet, A\u015fk, Arzunun artt\u0131r\u0131lmas\u0131.<\/li>\n<\/ul>\n\n\n\n<ul class=\"wp-block-list\">\n<li>Arpa : Korunma, \u0130yile\u015ftirme, Ar\u0131nma.<\/li>\n<\/ul>\n\n\n\n<ul class=\"wp-block-list\">\n<li>Arpac\u0131k So\u011fan\u0131 : Bulunan yerin temizlenmesi ve korunmas\u0131.<\/li>\n<\/ul>\n\n\n\n<ul class=\"wp-block-list\">\n<li>Afrika Menek\u015fesi : Korunma, Sprit\u00fcel Geli\u015fim.<\/li>\n<\/ul>\n\n\n\n<ul class=\"wp-block-list\">\n<li>Badem : Bilgelik, Ba\u015far\u0131, Kariyer geli\u015fimi, Olgunluk.<\/li>\n<\/ul>\n\n\n\n<ul class=\"wp-block-list\">\n<li>Bambu : Dayan\u0131kl\u0131l\u0131k, Sona ula\u015f\u0131m, Neticelendirme.<\/li>\n<\/ul>\n\n\n\n<ul class=\"wp-block-list\">\n<li>Bergamot : Ba\u015far\u0131, Neticelendirme, Yolundaki engellerin kalkmas\u0131.<\/li>\n<\/ul>\n\n\n\n<ul class=\"wp-block-list\">\n<li>Bezelye : Para, Bolluk, Verim, \u00c7o\u011falma, Hamilelik.<\/li>\n<\/ul>\n\n\n\n<ul class=\"wp-block-list\">\n<li>Biberiye : Koruma, K\u00f6t\u00fc enerjilerden koruma, Alan \u00e7emberi.<\/li>\n<\/ul>\n\n\n\n<ul class=\"wp-block-list\">\n<li>B\u00f6\u011f\u00fcrtlen : G\u00fc\u00e7, \u015eifa, Bilinmeyen i\u00e7in uzakla\u015ft\u0131rma.<\/li>\n<\/ul>\n\n\n\n<ul class=\"wp-block-list\">\n<li>Bu\u011fday : Bereket, Para, Kazan\u00e7, \u00dcst\u00fcnl\u00fck.<\/li>\n<\/ul>\n\n\n\n<ul class=\"wp-block-list\">\n<li>Brezilya F\u0131nd\u0131\u011f\u0131 : A\u015fk ve Tutku.<\/li>\n<\/ul>\n\n\n\n<ul class=\"wp-block-list\">\n<li>\u00c7ay : Cesaret, Kendine g\u00fcven.<\/li>\n<\/ul>\n\n\n\n<ul class=\"wp-block-list\">\n<li>\u00c7ihili Biberi : Yap\u0131lan \u00e7al\u0131\u015fmalar\u0131 bozmaya yarar.<\/li>\n<\/ul>\n\n\n\n<ul class=\"wp-block-list\">\n<li>\u00c7ilek : A\u015fk, Masumane sevgi, Huzur, Mutluluk.<\/li>\n<\/ul>\n\n\n\n<ul class=\"wp-block-list\">\n<li>\u00c7imen : G\u00fc\u00e7 artt\u0131rma, Dayan\u0131kl\u0131l\u0131k.<\/li>\n<\/ul>\n\n\n\n<ul class=\"wp-block-list\">\n<li>E\u011frelti Otu : Ruhsal gen\u00e7le\u015fme, S\u0131f\u0131rlama, N\u00f6tr engelleri yok etme.<\/li>\n<\/ul>\n\n\n\n<ul class=\"wp-block-list\">\n<li>Elma : Psi\u015fik yetenekleri artt\u0131rma, Majinin etkisinin artt\u0131r\u0131lmas\u0131.<\/li>\n<\/ul>\n\n\n\n<ul class=\"wp-block-list\">\n<li>Erik ; \u0130yile\u015ftirme.<\/li>\n<\/ul>\n\n\n\n<ul class=\"wp-block-list\">\n<li>Fasulye : Cilt hastal\u0131klar\u0131 tedavisi, K\u00f6t\u00fcl\u00fcklerin d\u0131\u015fa sal\u0131n\u0131m\u0131.<\/li>\n<\/ul>\n\n\n\n<ul class=\"wp-block-list\">\n<li>Fesle\u011fen : Refah, Masumiyet.<\/li>\n<\/ul>\n\n\n\n<ul class=\"wp-block-list\">\n<li>F\u0131nd\u0131k : Bereket, Artma, Arzular.<\/li>\n<\/ul>\n\n\n\n<ul class=\"wp-block-list\">\n<li>Frambuaz : Tedavi, \u0130yile\u015ftirme ruhsal ve fiziksel.<\/li>\n<\/ul>\n\n\n\n<ul class=\"wp-block-list\">\n<li>G\u00fcl : A\u015fk, \u0130yile\u015ftirme, Mutluluk, Ba\u011fl\u0131l\u0131k.<\/li>\n<\/ul>\n\n\n\n<ul class=\"wp-block-list\">\n<li>G\u00fczelavrat : Temizlik, Koruma, Majikal temizlik (Dikkat zehirli bir bitkidir).<\/li>\n<\/ul>\n\n\n\n<ul class=\"wp-block-list\">\n<li>Hardal : Bereket, Koruma ve zeka geli\u015fimi.<\/li>\n<\/ul>\n\n\n\n<ul class=\"wp-block-list\">\n<li>Havu\u00e7 : Bereket ve \u015eehvet i\u00e7in.<\/li>\n<\/ul>\n\n\n\n<ul class=\"wp-block-list\">\n<li>Hindastan Cevizi : Koruma ve Temizlik.<\/li>\n<\/ul>\n\n\n\n<ul class=\"wp-block-list\">\n<li>Hurma : Bereket, Zenginlik.<\/li>\n<\/ul>\n\n\n\n<ul class=\"wp-block-list\">\n<li>Ihlamur : Sevgi dizayn\u0131, Kal\u0131c\u0131l\u0131k.<\/li>\n<\/ul>\n\n\n\n<ul class=\"wp-block-list\">\n<li>\u0130ncir : Majikal \u00e7al\u0131\u015fmalar i\u00e7in kullan\u0131l\u0131r.<\/li>\n<\/ul>\n\n\n\n<ul class=\"wp-block-list\">\n<li>Kakt\u00fcs : G\u00fc\u00e7, Atak, Sezinme.<\/li>\n<\/ul>\n\n\n\n<ul class=\"wp-block-list\">\n<li>Karabu\u011fday : Korunma, Kanaatkarl\u0131k.<\/li>\n<\/ul>\n\n\n\n<ul class=\"wp-block-list\">\n<li>Kay\u0131n A\u011fac\u0131 : \u0130stek, Dua, Dilek kabul\u00fc, ger\u00e7ekle\u015ftirme.<\/li>\n<\/ul>\n\n\n\n<ul class=\"wp-block-list\">\n<li>Kay\u0131s\u0131 : Sevgi.<\/li>\n<\/ul>\n\n\n\n<ul class=\"wp-block-list\">\n<li>Kekik : Sa\u011fl\u0131k, \u0130yile\u015fme, Onar\u0131m.<\/li>\n<\/ul>\n\n\n\n<ul class=\"wp-block-list\">\n<li>Kereviz : Zeka geli\u015fimi, Odaklanma, Cinsel g\u00fcc\u00fc artt\u0131rma.<\/li>\n<\/ul>\n\n\n\n<ul class=\"wp-block-list\">\n<li>Kiraz : Majikal \u00e7al\u0131\u015fmalar\u0131n etkisini artt\u0131rma.<\/li>\n<\/ul>\n\n\n\n<ul class=\"wp-block-list\">\n<li>Koyun Otu : Korunma, Kabuslardan kurtulma.<\/li>\n<\/ul>\n\n\n\n<ul class=\"wp-block-list\">\n<li>Kriztanem : Zihnin bulanmas\u0131n\u0131 engelleme.<\/li>\n<\/ul>\n\n\n\n<ul class=\"wp-block-list\">\n<li>Ku\u015f \u00fcz\u00fcm\u00fc : Para, bereket, Fiziksel g\u00fc\u00e7.<\/li>\n<\/ul>\n\n\n\n<ul class=\"wp-block-list\">\n<li>Lavanta : R\u00fcya majileri, Korunma, Temizlik.<\/li>\n<\/ul>\n\n\n\n<ul class=\"wp-block-list\">\n<li>Leylak : Psi\u015fik geli\u015fim, Maji bozma, Varl\u0131k koruma.<\/li>\n<\/ul>\n\n\n\n<ul class=\"wp-block-list\">\n<li>Manolya : Sadakat, Ba\u011fl\u0131l\u0131k ve Evlilik.<\/li>\n<\/ul>\n\n\n\n<ul class=\"wp-block-list\">\n<li>Menek\u015fe : Tedavi, Mutluluk, \u015eans.<\/li>\n<\/ul>\n\n\n\n<ul class=\"wp-block-list\">\n<li>Nil\u00fcfer : Yol belirleme, Y\u00f6n verme.<\/li>\n<\/ul>\n\n\n\n<ul class=\"wp-block-list\">\n<li>Okalipt\u00fcs : Tedavi, \u0130yile\u015ftirme.<\/li>\n<\/ul>\n\n\n\n<ul class=\"wp-block-list\">\n<li>Orkide : A\u015fk, Huzur, Mutluluk.<\/li>\n<\/ul>\n\n\n\n<ul class=\"wp-block-list\">\n<li>Pamuk : Safl\u0131k.<\/li>\n<\/ul>\n\n\n\n<ul class=\"wp-block-list\">\n<li>Papatya : Para, Bereket, Zenginlik, Korunma.<\/li>\n<\/ul>\n\n\n\n<ul class=\"wp-block-list\">\n<li>Papaya : Korunma.<\/li>\n<\/ul>\n\n\n\n<ul class=\"wp-block-list\">\n<li>Papir\u00fcs : Engelleri Kald\u0131rma.<\/li>\n<\/ul>\n\n\n\n<ul class=\"wp-block-list\">\n<li>Patates : Maji sembol\u00fc, \u0130yile\u015ftirme.<\/li>\n<\/ul>\n\n\n\n<ul class=\"wp-block-list\">\n<li>Pirin\u00e7 : Ya\u011fmur majileri, Hisleri artt\u0131rma.<\/li>\n<\/ul>\n\n\n\n<ul class=\"wp-block-list\">\n<li>Safran : \u0130stek ve dilekleri ger\u00e7ekle\u015ftirme.<\/li>\n<\/ul>\n\n\n\n<ul class=\"wp-block-list\">\n<li>Susam : Kariyer geli\u015fimi, Ba\u015far\u0131.<\/li>\n<\/ul>\n\n\n\n<ul class=\"wp-block-list\">\n<li>Sardunya : Bereket, Korunma.<\/li>\n<\/ul>\n\n\n\n<ul class=\"wp-block-list\">\n<li>Sar\u0131msak : Negatif enerjiyi temizleme, K\u00f6t\u00fc ruhlardan korunma.<\/li>\n<\/ul>\n\n\n\n<ul class=\"wp-block-list\">\n<li>Sedir : Tedavi, Korunma, Huzur.<\/li>\n<\/ul>\n\n\n\n<ul class=\"wp-block-list\">\n<li>S\u0131\u011f\u0131r Kuyru\u011fu : Korunma.<\/li>\n<\/ul>\n\n\n\n<ul class=\"wp-block-list\">\n<li>S\u0131klamen : Korunma, \u0130\u00e7sel Huzur.<\/li>\n<\/ul>\n\n\n\n<ul class=\"wp-block-list\">\n<li>So\u011fan : Majikal \u00e7al\u0131\u015fmalarda etki artt\u0131rma, Korunma.<\/li>\n<\/ul>\n\n\n\n<ul class=\"wp-block-list\">\n<li>S\u00f6\u011f\u00fct : Tedavi, Ac\u0131 Unutma.<\/li>\n<\/ul>\n\n\n\n<ul class=\"wp-block-list\">\n<li>S\u00fcmb\u00fcl : Mutluluk.<\/li>\n<\/ul>\n\n\n\n<ul class=\"wp-block-list\">\n<li>Turp : Korunma, G\u00fc\u00e7 artt\u0131r\u0131m\u0131.<\/li>\n<\/ul>\n\n\n\n<ul class=\"wp-block-list\">\n<li>T\u00fct\u00fcn : Tedavi, \u0130yile\u015fme.<\/li>\n<\/ul>\n\n\n\n<ul class=\"wp-block-list\">\n<li>Vanilya : Cinsel g\u00fc\u00e7 artt\u0131rma.<\/li>\n<\/ul>\n\n\n\n<ul class=\"wp-block-list\">\n<li>Yaban Mersini : Korunma, Etkiyi artt\u0131rma.<\/li>\n<\/ul>\n\n\n\n<ul class=\"wp-block-list\">\n<li>Yonca : Baht ve \u015eans a\u00e7ma.<\/li>\n<\/ul>\n\n\n\n<ul class=\"wp-block-list\">\n<li>Zambak : A\u015fk mahiyetinde kal\u0131c\u0131l\u0131\u011f\u0131 sa\u011flar.<\/li>\n<\/ul>\n\n\n\n<ul class=\"wp-block-list\">\n<li>Zencefil : A\u015fk, Masumiyet.<\/li>\n<\/ul>\n\n\n\n<ul class=\"wp-block-list\">\n<li>Zeytin : \u00d6zg\u00fcrl\u00fck, Il\u0131manla\u015ft\u0131rma, Bereket, Sa\u011fl\u0131k.<\/li>\n<\/ul>\n\n\n\n<hr class=\"wp-block-separator has-alpha-channel-opacity is-style-wide\"\/>\n","protected":false},"excerpt":{"rendered":"","protected":false},"author":1,"featured_media":0,"parent":0,"menu_order":0,"comment_status":"closed","ping_status":"closed","template":"","meta":{"_coblocks_attr":"","_coblocks_dimensions":"","_coblocks_responsive_height":"","_coblocks_accordion_ie_support":"","footnotes":""},"class_list":["post-289","page","type-page","status-publish","hentry"],"_links":{"self":[{"href":"https:\/\/xn--kristalritel-mlb.com\/index.php?rest_route=\/wp\/v2\/pages\/289","targetHints":{"allow":["GET"]}}],"collection":[{"href":"https:\/\/xn--kristalritel-mlb.com\/index.php?rest_route=\/wp\/v2\/pages"}],"about":[{"href":"https:\/\/xn--kristalritel-mlb.com\/index.php?rest_route=\/wp\/v2\/types\/page"}],"author":[{"embeddable":true,"href":"https:\/\/xn--kristalritel-mlb.com\/index.php?rest_route=\/wp\/v2\/users\/1"}],"replies":[{"embeddable":true,"href":"https:\/\/xn--kristalritel-mlb.com\/index.php?rest_route=%2Fwp%2Fv2%2Fcomments&post=289"}],"version-history":[{"count":1,"href":"https:\/\/xn--kristalritel-mlb.com\/index.php?rest_route=\/wp\/v2\/pages\/289\/revisions"}],"predecessor-version":[{"id":290,"href":"https:\/\/xn--kristalritel-mlb.com\/index.php?rest_route=\/wp\/v2\/pages\/289\/revisions\/290"}],"wp:attachment":[{"href":"https:\/\/xn--kristalritel-mlb.com\/index.php?rest_route=%2Fwp%2Fv2%2Fmedia&parent=289"}],"curies":[{"name":"wp","href":"https:\/\/api.w.org\/{rel}","templated":true}]}}